Suppose 0 = 4*r - k - 50. What are the prime factors of r?
2
Let y(z) = z**2 - 7*z - 5. Let w be y(10). Let p = w + -20. List the prime factors of p.
5
Suppose -4*y + 2*y = -6. Suppose -y*n - 32 = -2*j, n - 3 = -j + 18. List the prime factors of j.
19
Suppose -5*l = -359 - 241. Suppose -2*s + l = 3*s. Let h = s + -15. List the prime factors of h.
3
Suppose -4*h + 124 = m - 506, -4*m = 3*h - 479. What are the prime factors of h?
157
Suppose 3 = -w + 5. Suppose 0 = -4*j + w*j + 12. What are the prime factors of j?
2, 3
Let x(w) = 68*w + 2. What are the prime factors of x(2)?
2, 3, 23
List the prime factors of ((-62)/8 + -3)*-4.
43
Let a be 2/(-3) + (-64)/48. Let j(t) be the first derivative of -t**4/2 - t**3 - t**2/2 + t - 1. List the prime factors of j(a).
7
Let q(p) = p**3 - 21*p**2 + 6*p - 16. What are the prime factors of q(21)?
2, 5, 11
Suppose 4*t - 5*t = 4*k - 43, -3*k - 5*t = -11. Let u be (9/k)/((-3)/(-12)). Let r(g) = 4*g - 2. What are the prime factors of r(u)?
2, 5
Let k be (-1 - -2)*-2 + 56. Let r = 2 + -2. Suppose r*z = 3*z - k. What are the prime factors of z?
2, 3
Suppose -4*x = -16, 113 = -v + 6*v + 2*x. List the prime factors of v.
3, 7
Suppose -m + 7 = 2*g - 4*g, -4*m = -2*g - 28. What are the prime factors of m?
7
Suppose -g = -2*p + 4*p - 59, p = g - 47. List the prime factors of g.
3, 17
Suppose 2*x = 4*g - 0*x + 80, -4*x = -16. Let p be (g/(-21))/(1/7). Suppose -9 = -5*t + p. List the prime factors of t.
3
Let k(t) = t**2 - 5*t + 2. Suppose 8 + 2 = 2*u. Let b be k(u). Let a(j) = 2*j + 1. What are the prime factors of a(b)?
5
Suppose -144 = -4*g - 4*p, -2*g = -5*p - 10 - 27. What are the prime factors of g?
31
Let f(d) = -8*d - 17. Let j(y) = y**2 + 9*y + 1. Let v be j(-8). List the prime factors of f(v).
3, 13
Let l(b) = -b**3 - 9*b**2 - b + 3. Let v be l(-9). What are the prime factors of v/3 + 5*3?
19
Let b(t) = t + 14. List the prime factors of b(16).
2, 3, 5
Let y = -27 + 68. List the prime factors of y.
41
Let s(d) = d**2 - 3*d + 3. Let p be s(6). Suppose -b - 2 = -p. List the prime factors of b.
19
Let x be 640/14 + (-8)/(-28). Suppose -4*p - 7 - 56 = -3*z, 4*p = 2*z - x. What are the prime factors of z?
17
Let n(t) = t + 5. Suppose 0 = 5*w - w. What are the prime factors of n(w)?
5
Let t(f) = f + 9. Let g be 2 - 4 - (2 - 0). Let i be t(g). Suppose -i*c + 25 = -3*r - 34, 3*c - 41 = -r. List the prime factors of c.
13
Let r = -46 - -70. Suppose -o - o = -r. What are the prime factors of o?
2, 3
Suppose -5*x + 582 = 37. List the prime factors of x.
109
Let c(p) = 2*p**2 - 6*p + 16. What are the prime factors of c(8)?
2, 3
Suppose 0*m = -2*i + 4*m + 66, -5*i - 5*m + 240 = 0. List the prime factors of i.
43
Let y(u) = -u**3 - u**2 + 4*u. Let a be y(-3). Suppose 0 = 3*n - a, -4*o - o + 161 = -2*n. What are the prime factors of o?
3, 11
Let f = 61 + -30. What are the prime factors of f?
31
Let d(g) = -g**2 - 2*g - 1. Let q be d(-1). Suppose 3*w - 146 - 82 = q. Suppose -w = -4*j + 4. What are the prime factors of j?
2, 5
List the prime factors of (-8)/(-1*(1 + 1)).
2
Let p = -15 + 19. List the prime factors of p.
2
Let j be (1 + 3)/((-1)/(-2)). Let v be (-36)/(-15) + 2/(-5). List the prime factors of (36/j)/(v/4).
3
Let r(x) = x**3 + 12*x**2 + 13*x + 2. Let y be r(-11). Let w = -12 - y. What are the prime factors of w?
2
Let j = -15 + 21. Suppose -3*s - 5*y = 5 + 8, 2*y = -s - j. Suppose -h = h - s. What are the prime factors of h?
2
Suppose 3*n + 2*q - 2 - 92 = 0, 87 = 4*n - 5*q. List the prime factors of n.
2, 7
Let n be ((-27)/36)/(1/(-4)). Suppose 21 = n*q - 3. What are the prime factors of q?
2
Suppose -291 = -5*n + 2*n. List the prime factors of n.
97
Let f(y) = -y**3 - 8*y**2 + 6*y - 16. List the prime factors of f(-10).
2, 31
Let p(b) = b + 6. Let u(y) = y**3. Let m = 4 + -4. Let z be u(m). List the prime factors of p(z).
2, 3
Let j(b) = 9*b**2 + 3*b - 5. Let t(q) = -5*q**2 - 2*q + 2. Let h(d) = 4*j(d) + 7*t(d). What are the prime factors of h(-4)?
2, 3
Let b be ((-7)/2)/7*-42. Suppose -u + 6 = -2*q, 3*q = -2*u + 4*q + b. What are the prime factors of u?
2, 3
Suppose 0 = 3*p - 2 - 16. List the prime factors of p.
2, 3
Let c(s) = 2*s**3 + 3*s**2 + 2*s + 3. Let i be c(-2). Suppose a - 2*a = 0. Let h = a - i. List the prime factors of h.
5
Let i(r) be the first derivative of -r**3/3 + 3*r**2 + 5*r + 2. What are the prime factors of i(6)?
5
Let i = 118 + -35. List the prime factors of i.
83
Let n be -5*1*(-9)/15. Let u(a) = 8*a**2 + 1. Let w be u(-1). What are the prime factors of 11/n + 3/w?
2
Let g = 226 - 118. List the prime factors of g.
2, 3
What are the prime factors of (52 + 6)/(4/2)?
29
Let t(m) = -8*m. Let p be t(1). List the prime factors of 183/12 - (-2)/p.
3, 5
Let q = -2 + 4. Suppose -5*c - 89 = -3*i, 3*i - 119 = -q*c + c. What are the prime factors of i?
2, 19
Suppose 3*k - 4*g = -11, -4*g + 23 = 3*k - 2*k. Suppose 3*j = 3 + k. What are the prime factors of j?
2
List the prime factors of 2/(-7) - (-597)/7.
5, 17
Let f = -106 + 164. List the prime factors of f.
2, 29
Let b = -7 + 7. Suppose b = -4*o, n - 18 = -2*o + 10. List the prime factors of n.
2, 7
Suppose 0 = 3*z - 17 + 2. Suppose z*r - 5*p - 55 = 2*r, 4*p = -r + 24. List the prime factors of r.
2, 5
Let x(i) = 2*i - 9. Let s be x(6). Suppose 41 = 4*w - s*w. List the prime factors of w.
41
Suppose 0*z = -z. Suppose z = -2*k - k - 15. Let q(c) = c**3 + 6*c**2 + 4*c - 2. What are the prime factors of q(k)?
3
Let f(h) = -3*h**3 + 3*h**2 - 2*h + 3. Let q be f(2). Let s(o) = o**3 + 12*o**2 - 14*o + 12. What are the prime factors of s(q)?
5
Let y = 78 + -147. Let f be -2*y*3/6. Suppose 12 = c - 3*v + v, -3*c = 5*v - f. What are the prime factors of c?
2, 3
Let u = 28 + -22. Suppose -2*b - 36 + 101 = -c, -u = -2*c. List the prime factors of b.
2, 17
Suppose 0 = -7*y + 2*y + 10, -5*y = a - 35. List the prime factors of a.
5
Suppose -26*v + 25*v = -174. What are the prime factors of v?
2, 3, 29
Let s(v) = v**3 + 2*v**2 - 3*v. Let i be s(-3). Suppose -4*p + 12 = 0, -w + i*p + 2*p + 7 = 0. What are the prime factors of w?
13
Suppose 19*x - 4*x - 180 = 0. What are the prime factors of x?
2, 3
List the prime factors of -3*2/(-3)*(-379)/(-2).
379
Let b(i) = 3*i**3 - i**2. Let l be b(1). Suppose -h - l*h = -99. What are the prime factors of h?
3, 11
Suppose -5 + 0 = 5*r. Let o = 2 + r. Suppose 0 = 5*w + 2*d - 21, -15 = -2*w + 2*d - o. List the prime factors of w.
5
Let s be -1*(-9 - -2) + 3. Suppose s = 3*m - 2. List the prime factors of m.
2
Let k = 40 + -24. Suppose 3*f - 3 = -3*b, -2*b + 5*f + 0*f = -k. Suppose b*p + p - 44 = 0. What are the prime factors of p?
11
Let c = -2 - -12. Let p = -6 + c. Suppose -o + 2 = 0, 0 = -p*h + h - 2*o + 13. What are the prime factors of h?
3
Suppose 4*s + 20 = -s. Let n(f) = -5*f - 1. What are the prime factors of n(s)?
19
Suppose 52 = -7*l + 8*l. Suppose -2*c + l = 2*c. What are the prime factors of c?
13
Suppose 0*t - 30 = -5*t. What are the prime factors of (t/(-9))/((-1)/9)?
2, 3
What are the prime factors of -33*1*(-40)/12?
2, 5, 11
Suppose 4*w - 249 = 5*m, -2*m = 3*w + 3*m - 143. List the prime factors of w.
2, 7
Let k(p) = -p**2 - 17*p + 23. List the prime factors of k(-14).
5, 13
Let f be (-2 + -82)/(12/(-8)). Suppose 4*h + f = 4*z + 20, 39 = 4*z - h. What are the prime factors of z?
2, 5
Let a be 5*(40 - (1 + 2)). Suppose 0 = -2*w + 7*w - a. List the prime factors of w.
37
Let q(h) = 7*h**2 + 2*h + 1. Let b be q(2). List the prime factors of (-4)/(-10) - b/(-5).
7
Let w(j) = 23*j + 0*j**3 - 1 + 5*j**3 + 8*j**2 - 17*j - 4*j**3. List the prime factors of w(-6).
5, 7
Suppose -5*v = -2*m - 152, 2*v - 3*v + 20 = -3*m. Let d = 45 - v. List the prime factors of d.
13
Let r = 1 - 1. Let s(i) = -i**3 - i**2 + i + 2. What are the prime factors of s(r)?
2
Let o = 79 - 29. List the prime factors of o.
2, 5
Let r(i) = i**3 - 3*i**2 - 2*i - 2. Let f be r(4). Let o be f/4 - (-1)/2. What are the prime factors of 7/2 - 3/o?
2
Let c(k) be the second derivative of k**5/20 + k**4/2 + 7*k**3/6 + 3*k**2 + k. Let f(j) = -j + 3. Let r be f(7). What are the prime factors of c(r)?
2, 5
Suppose 2*l - 32 = 5*m, l - 5*m - 14 = 2*l. Suppose c + 3*v + l - 21 = 0, 35 = 2*c + v. List the prime factors of (-2)/9 - (-166)/c.
3
Let m = -14 - -12. Wha